+ 42 + 51. Let p be x(f). Let c(l) = 3*l + 2*l - 4*l. Calculate c(p).
0
Let s(f) = f**2 - 9*f + 62. Let b(w) = w**2 - 109*w + 2596. Let c be b(35). Determine s(c).
44
Let l(p) = 2*p**3 + 15*p**2 + 8*p + 7. Let z = 184 + -191. Let b be l(z). Let o(q) be the first derivative of q**3/3 + 9*q + 5. Give o(b).
9
Let i(a) = a - 12. Let g = -1092 + 1075. What is i(g)?
-29
Let m(w) = -9*w**2 - 5 - 261*w**3 + 9 - 3 + 12 - 13*w + 260*w**3. Let f be m(-3). Let v(y) = -6*y**2 - 4*y - 2. Calculate v(f).
-18
Let k(v) = v**2 - 6*v - 1. Let c be k(6). Let f(g) = -4308*g + 4. Let b(h) = -14770*h + 14. Let q(r) = 7*b(r) - 24*f(r). What is q(c)?
0
Let i(q) = -q**2 + 9*q + 10. Let m = 108 + -105. Suppose -2*t = m*n + 15, -t - 10 = 3*n - n. Suppose t = 6*z - 76 + 16. Give i(z).
0
Let b(k) = 2*k**2 - 57*k - 45. Let n(d) = 2*d + 47. Let j be n(-9). Give b(j).
-16
Let x(j) = j**2 - 9*j - 3. Let l(s) = -3*s**3 + 169*s**2 + 117*s - 160. Let k be l(57). Determine x(k).
19
Let s be 5/((-8)/4*7/(-14)). Let l(f) = -5*f**2 - 6*f + 16. Let x(i) = i**2 - 1. Let y(b) = l(b) + 6*x(b). Calculate y(s).
5
Let y(l) = -l**3 - 3*l**2 - 2*l - 1. Suppose 23*a - 41 = 28. Suppose 5*m = j - 2*j - 7, a*m - 5*j = -21. Calculate y(m).
-1
Let l(g) = 15*g - 2 - 2*g - 15*g - 6. What is l(-4)?
0
Suppose -2*u - 36 = 2*u. Let n(w) = -w**3 - 5*w**2 - 2*w. Suppose 141 - 121 = -5*f. Let z(s) = 2*s**3 + 11*s**2 + 5*s. Let y(j) = f*z(j) + u*n(j). Give y(-2).
0
Let y = 553 + -529. Let x(z) = 5*z - y + z**3 + 19*z**2 + 2*z - 10*z - 18*z. What is x(-20)?
-4
Suppose 49*r = -90*r - 3016 + 792. Let k(a) = 26*a + 403. Determine k(r).
-13
Suppose -815 = -116*p + 621 - 392. Let s(j) = 5 - 2 + j - 3. Calculate s(p).
9
Let w(l) = l**3 - 5*l**2 + 5*l - 5. Suppose 3*s = 186 + 72. Suppose -f + s = 82. What is w(f)?
-1
Let u(t) be the first derivative of 4*t**3/3 - t**2 - 2*t + 467. Determine u(-4).
70
Let q(v) = -v + 5. Let y be q(3). Let j(t) = -t**2 - 16*t - 42. Let s be j(-10). Let u(h) = 1 - s*h**3 - 3 + 19*h**3 + 3*h - h. Calculate u(y).
10
Let f = 18959 - 18950. Let g(d) = -d**3 + 9*d**2 + 6*d - 8. Calculate g(f).
46
Let i(t) = -t**2 - 48 + 23 + 17 + 5*t + 9. Determine i(3).
7
Let o(t) = -2*t**2 - 3*t + 1. Let h be (2 - 4 - 0) + -2. Let v = -3277 - -3266. Let f(x) = 5*x**2 + 8*x - 3. Let s(i) = h*f(i) + v*o(i). What is s(-2)?
7
Let d(m) = 3*m**3 + 13*m**2 - 57*m - 7. Let v(k) = 2*k**3 + k**2 + 13*k - 7. Let s be v(0). Give d(s).
0
Let q(x) = 8*x + 202. Let b(h) = 82*h + 5550. Let d be b(-68). What is q(d)?
-6
Let m(n) = 32*n**2 - 80*n**2 - 3 - 11 + 47*n**2 + 13*n. What is m(10)?
16
Let w be 1/(-6) - (-78)/36. Let y be w + -4 + 2 - (3 + -7). Let c be (-15 + 12)/((-6)/y). Let h(n) = 2*n**3 - 3*n**2 + 2*n - 3. What is h(c)?
5
Let j be -12 - (3 - 6 - 1). Let l(z) = -z**3 - 6*z**2 + 8*z + 1. Determine l(j).
65
Let r(l) = l**3 - 5*l + 3. Let q be 3/1*75/45. Suppose 24 = -f + q*f. Let h be (-21)/7 - (0 - f). Determine r(h).
15
Let h(w) be the third derivative of w**7/840 + 7*w**6/360 + w**5/120 - w**4/8 + 14*w**3/3 + 123*w**2. Let k(o) be the first derivative of h(o). Give k(-7).
-10
Let a = 15289 - 15301. Let i(c) = -c**3 - 12*c**2 - 12*c - 21. Calculate i(a).
123
Suppose -20 + 163 = 13*r. Suppose -r*g - 70 = -4. Let m(p) = p**2 + 9*p + 6. Give m(g).
-12
Let w(u) = -u**3 - 10*u**2 - 2*u + 14. Let h = 3625 + -3635. What is w(h)?
34
Suppose -5*c - 11*p + 198 - 140 = 0, 0 = -5*c + 4*p - 62. Let y(h) = -h**3 - 8*h**2 - h - 20. What is y(c)?
-86
Let k(t) = -3*t**2 - 23*t + 12. Let v(r) = -4*r**2 - 36*r + 11. Let b(n) = 3*k(n) - 2*v(n). What is b(-3)?
-4
Let p(a) = 2*a**3 - 3673 + 34*a + 3790 + 10*a**2 + 51*a**2. Calculate p(-30).
-3
Let w(c) = -c**3 + 15*c**2 + 16*c + 24. Let s be (-6)/(6/(-12 - (-6 + 10))). What is w(s)?
24
Let h = 45 + -29. Let w(d) = -4*d**2 + h*d - 13*d - 4*d**2 + 7*d**2 - 7*d. Let r be 4*(7/(-4) - -1). Calculate w(r).
3
Let n(p) be the third derivative of p**5/15 + p**4/12 + 7*p**3/2 - 31*p**2. Let c(h) be the first derivative of n(h). Calculate c(-2).
-14
Suppose 5*c + 25 = 0, 4*p + p + 15 = -2*c. Let z = 4 - p. Let n(q) = -6*q - z*q**2 + 10*q**2 + 3 - 6 - 6*q**2. What is n(-4)?
5
Let j = -845 - -844. Let b(u) = -1 - 5*u + u**3 + 4*u**3 - 13*u**3 + 4*u. What is b(j)?
8
Let u(c) = -14*c**3 - 34*c**2 + 18*c - 19. Let l(a) = 5*a**3 + 13*a**2 - 6*a + 6. Let p(k) = -11*l(k) - 4*u(k). Determine p(7).
-32
Suppose 54*l - 123 = 957. Let h(s) = s - 31. Determine h(l).
-11
Let a(z) = 3*z + 2. Suppose 30*s - 61*s = -46*s - 60. Calculate a(s).
-10
Let o(x) = -x**3 + 3*x**2 - 5*x + 31. Let n(i) = -i**2 + i - 2. Let f(q) = 5*n(q) - o(q). Calculate f(7).
-20
Suppose 60*f - 2*f = -20*f - 234. Let w(n) = n**3 + 4*n**2 + 6*n + 17. Calculate w(f).
8
Let h(z) be the first derivative of -5*z**3/3 + 5*z**2/2 - z + 526. Calculate h(1).
-1
Let l(b) = 5*b + 8. Let m(q) = -12*q - 15. Let r be 605/275 - (0 - 1/(-5)). Let t(j) = r*m(j) + 5*l(j). Give t(8).
18
Let y(r) = -r**3 - 31*r**2 + 153*r + 458. Let n be y(-35). Let o(h) = h**3 - 2*h**2 + 2*h - 4. What is o(n)?
11
Let i(s) = s + 4*s + 66*s**2 - 40*s**2 - 27*s**2. Suppose -4*v - 5*k + 25 = 0, 25 = -3*v + 5*k - 0*k. Suppose v = -5*d - 9 + 39. What is i(d)?
-6
Suppose -2*z + 204 = -19*z. Let p(l) = -l - 9. Let m(c) = -c - 38. Let w(y) = z*p(y) + 3*m(y). Calculate w(5).
39
Let m(s) = s**2 - 2*s - 1. Let a(k) = k**2 - 4*k + 3. Let d be a(8). Let f(i) = -11*i - 114. Let v be f(-7). Let q = d + v. Calculate m(q).
7
Let o(v) be the first derivative of 2*v**3/3 + v**2/2 - 4*v + 1152. Determine o(-6).
62
Let g(u) = 15*u - 15. Suppose -4*w + 4*d = -12, 71*d - 6 = w + 67*d. What is g(w)?
75
Suppose 0 = 3*w - 0*w - 9. Let a be ((-37)/(-111))/((-1)/6*-1). Let z(s) = -6 + 4*s - s**2 - 2*s**2 + a. Calculate z(w).
-19
Suppose -89*z + 109*z = -60. Let h(a) = -a**3 - 7*a**2 - 12*a + 3. Give h(z).
3
Suppose 4*q - 336 = -4*q. Let t be q/(-49)*28/(-6). Let h(r) = 3*r - 3. Calculate h(t).
9
Suppose 5*a - 40 = 2*s + 4, 4*s - 22 = -a. Let b(o) = o**2 - 2*o - 79. Give b(a).
1
Suppose 3*o - 25 = -m, -3*m = -3*o - 28 + 25. Let g(d) = -d**2 + 6*d - 4. Determine g(o).
-4
Let r = -31 - -33. Let l(t) = -6*t**r + 6 - 12 + t + 6. Suppose -2*y + 2 = 4. Give l(y).
-7
Let x(u) = 27*u**2 - 38*u - 1. Let j(i) = 26*i**2 - 47*i - 1. Let r(n) = 4*j(n) - 5*x(n). Calculate r(-2).
-127
Let d(b) = -b**3 + 4*b**2 - 4*b + 3. Suppose 612 = 2*q + 7*q. Suppose y + 3*y = q. Suppose -4*p = 5 - y. Calculate d(p).
0
Let y be 2/4*((4 - 2) + 2). Let a(h) be the second derivative of 3*h**5/10 - h**4/4 + 42*h - 5. Determine a(y).
36
Let d(i) = -5*i - 9. Suppose 18*o - 70 = -46 + 102. What is d(o)?
-44
Let g(j) = 2*j**3 - 4*j**2 - 3*j + 6. Let k be (((-15)/3)/5)/(-1). Let c(h) = h**3 + h**2 - h - 1. Let t(m) = k*c(m) - g(m). Let y = -16 - -21. What is t(y)?
3
Let z = -8466 - -8465. Let k(p) = -9*p**3 + p + 1. What is k(z)?
9
Suppose 0*a + 25 = -4*b - a, b + 2*a = -8. Let v(u) = u - 8. Let f(q) = q - 8. Let w(k) = b*v(k) + 5*f(k). What is w(5)?
3
Suppose 8*d - 45 = 11*d + x, -4*x = -d - 15. Let g be -1 + (-3 - -3) - d/3. Let c(y) = -y**2 + 6*y - 5. Give c(g).
3
Let r(i) = 2*i**3 + 3*i**2 - 5*i + 4. Let q = -1676 + 1678. Calculate r(q).
22
Let b be (-40)/(-45)*72/(-16). Let d(o) be the first derivative of -1/3*o**3 + 4 - 5/2*o**2 - o. Determine d(b).
3
Let k = 19 + -15. Let v(q) = -2 + 5*q - q**2 + k - 9*q. Let z(g) = -11*g - 455. Let u be z(-41). What is v(u)?
2
Let q = 13051 - 13039. Let h(v) = -v + 6. Calculate h(q).
-6
Let h = 33 + -30. Let p(d) be the third derivative of -d**5/60 + d**4/12 + d**3/2 - 18*d**2 + 4. Give p(h).
0
Let q(w) = 7*w**3 - 10*w**2 + 11*w. Let r(t) = -67*t**3 + 92*t**2 - 101*t + 1. Let l(u) = -19*q(u) - 2*r(u). Let b = -15 + 8. Determine l(b).
-2
Let j(l) = l**3 - 9*l**2 + 5*l + 11. Let f be (-16 - -14) + ((-20)/2)/(-2). Suppose -2*w + f*a + 13 = 0, 4*w + 3*a - a - 34 = 0. Determine j(w).
-13
Let d = 40 + -48. Let q(l) = l + l - 8*l - 3 - 6*l + 14*l. Calculate q(d).
-19
Let f be 2*(5/2 - -1). Let s(b) be the first derivative of b**4/4 - 2*b**3 - 3*b**2 + 10*b + 63455. Determine s(f).
17
Let r(n) = -4*n**2 + 15*n - 21. Suppose -m + 4 - 2 = -5*i, 46 = 6*m + 4*i. Calculate r(m).
-112
Let r(q) = -q + 15. Let k be r(-15). Let d be (40/6)/(k/36). Let h(u) = -u + 11. Determine h(d).
3
Let f(j) = -13*j**2 - 1.